e 8
2376
572 (base 10) to base 12
3b8
What is -1100 (base 7) in base 3?
-112112
Convert fd7 (base 16) to base 8.
7727
Convert -525 (base 9) to base 12.
-2b8
Convert 30000000 (base 4) to base 13.
194ac
-21221212 (base 4) to base 9
-60187
10514 (base 9) to base 12
4057
-1013 (base 5) to base 4
-2011
Convert 355432 (base 6) to base 11.
2136a
What is -4d (base 16) in base 14?
-57
What is -1110011 (base 3) in base 4?
-100201
-41 (base 12) to base 8
-61
-93 (base 11) to base 13
-7b
Convert 10421 (base 7) to base 6.
20032
Convert eb (base 15) to base 12.
165
What is -1ba (base 14) in base 8?
-550
11111 (base 2) to base 10
31
-b03 (base 12) to base 14
-815
What is 4f26 (base 16) in base 5?
1122022
Convert -233716 (base 8) to base 9.
-131441
-1300320 (base 4) to base 6
-53240
What is 12437 (base 8) in base 13?
25cc
What is 4575 (base 8) in base 5?
34204
Convert 1111100100001 (base 2) to base 3.
101221011
Convert -203301 (base 5) to base 6.
-51005
56e6 (base 15) to base 4
10200021
What is 1002002 (base 3) in base 10?
785
7132 (base 13) to base 15
4944
10000011010 (base 2) to base 8
2032
What is -2335 (base 10) in base 9?
-3174
What is 1837a (base 11) in base 9?
38268
What is 254116 (base 7) in base 11?
32396
What is 244 (base 8) in base 9?
202
-2212303 (base 4) to base 7
-43060
Convert -42143 (base 5) to base 6.
-20542
218 (base 12) to base 5
2213
Convert 43501 (base 6) to base 5.
143023
What is -18 (base 11) in base 7?
-25
Convert 175b (base 12) to base 2.
101011110111
-656 (base 11) to base 10
-787
Convert 32136 (base 10) to base 13.
11820
Convert 713 (base 10) to base 14.
38d
What is 21002023 (base 4) in base 7?
212611
111101011 (base 2) to base 10
491
What is 30 (base 6) in base 15?
13
Convert -1202013 (base 4) to base 14.
-2407
Convert -210202121 (base 3) to base 6.
-201241
What is -77835 (base 9) in base 7?
-303521
-12c (base 16) to base 2
-100101100
Convert -546 (base 10) to base 9.
-666
-10110011 (base 2) to base 9
-218
What is 16225 (base 7) in base 8?
10740
Convert -9461 (base 11) to base 6.
-134002
19745 (base 10) to base 11
13920
What is 2154 (base 6) in base 14?
27c
3066 (base 7) to base 5
13302
Convert -3304 (base 12) to base 16.
-15f4
77a0 (base 13) to base 14
6124
Convert 1102102010 (base 3) to base 9.
42363
What is 24211 (base 9) in base 14?
5c9c
What is 9712 (base 10) in base 3?
111022201
What is -100101100101 (base 2) in base 14?
-c3b
Convert -b82e (base 16) to base 9.
-71608
Convert -2316 (base 12) to base 13.
-1a16
What is 4213 (base 8) in base 2?
100010001011
What is 385 (base 15) in base 8?
1440
Convert 460 (base 9) to base 14.
1d0
What is -220120 (base 4) in base 9?
-3481
16a9 (base 12) to base 4
222201
2033 (base 4) to base 10
143
What is 37175 (base 10) in base 15?
b035
What is 2211001121 (base 3) in base 11?
38727
What is 1ab (base 16) in base 12?
2b7
What is -3120 (base 6) in base 2?
-1010111000
What is -16335 (base 7) in base 15?
-158c
-2334214 (base 5) to base 10
-43059
Convert -22435 (base 6) to base 9.
-4335
What is -153 (base 6) in base 15?
-49
What is -143 (base 6) in base 13?
-4b
What is 1110000101110010 (base 2) in base 3?
2221011120
What is -102 (base 16) in base 8?
-402
Convert 55305 (base 6) to base 2.
1110111111001
-481 (base 9) to base 2
-110001101
Convert 7203 (base 12) to base 8.
30143
-4ba7 (base 12) to base 4
-2012233
What is -12202 (base 10) in base 4?
-2332222
-3235 (base 6) to base 4
-23213
What is 222 (base 9) in base 13?
110
What is -100110110 (base 2) in base 3?
-102111
-13515 (base 6) to base 11
-1671
What is -116 (base 9) in base 8?
-140
Convert -287 (base 9) to base 13.
-157
What is 3023431 (base 5) in base 3?
2110200121
Convert -4106 (base 10) to base 4.
-1000022
What is 2663 (base 13) in base 3?
21112022
Convert -87132 (base 9) to base 14.
-17057
What is 211100 (base 3) in base 12?
423
Convert -3558 (base 9) to base 5.
-41040
What is 133043 (base 5) in base 6?
40554
What is -13470 (base 9) in base 2?
-10001110101111
What is 100 (base 8) in base 6?
144
Convert -1d26 (base 14) to base 12.
-30ba
What is 58361 (base 9) in base 4?
21200113
What is 1101100111101 (base 2) in base 11?
526a
What is 248 (base 10) in base 3?
100012
What is 2202212 (base 3) in base 13?
bc6
Convert -1495c (base 14) to base 9.
-77251
Convert 3f4d (base 16) to base 6.
203005
-af (base 16) to base 4
-2233
Convert 6d4 (base 14) to base 3.
1212110
-280a (base 13) to base 15
-1a8b
Convert -d553 (base 16) to base 14.
-15c8b
Convert -be5 (base 16) to base 10.
-3045
What is -110000011110 (base 2) in base 16?
-c1e
What is 3221 (base 6) in base 10?
733
What is -1154 (base 7) in base 4?
-12233
101000011100 (base 2) to base 12
15b8
-732a (base 13) to base 2
-11111000110010
Convert 313021 (base 4) to base 8.
6711
-57 (base 12) to base 10
-67
Convert 402154 (base 6) to base 4.
13231312
What is -10100001010 (base 2) in base 3?
-1202210
What is 33303 (base 5) in base 4?
210120
What is 2677 (base 8) in base 13?
892
4804 (base 13) to base 14
39a8
What is 368 (base 9) in base 12?
215
Convert -231 (base 9) to base 2.
-10111110
-2123031 (base 4) to base 3
-111121220
What is 1000101111 (base 2) in base 6?
2331
What is -2572 (base 9) in base 16?
-788
What is -222221 (base 3) in base 11?
-601
Convert 306 (base 9) to base 15.
119
Convert 20472 (base 10) to base 4.
10333320
What is a8b (base 14) in base 10?
2083
1032 (base 4) to base 2
1001110
Convert -30512 (base 8) to base 7.
-51534
What is -3 (base 10) in base 7?
-3
What is 26418 (base 11) in base 8?
111613
1518 (base 15) to base 2
1000110101011
Convert -4540 (base 11) to base 10.
-5973
-2100 (base 8) to base 12
-768
6163 (base 8) to base 6
22431
What is -118b (base 13) in base 4?
-212301
What is -287c (base 14) in base 10?
-7166
8767 (base 10) to base 7
34363
Convert -1020101 (base 3) to base 11.
-74a
Convert -45401 (base 6) to base 11.
-48a7
What is 144330 (base 6) in base 14?
5126
Convert 210211100 (base 3) to base 5.
1002122
-257 (base 11) to base 7
-613
Convert -10253 (base 9) to base 3.
-100021210
-6d3 (base 15) to base 13
-921
Convert 124442 (base 5) to base 11.
3833
-124 (base 7) to base 14
-4b
31300 (base 4) to base 2
1101110000
What is 525 (base 11) in base 6?
2532
Convert 41112 (base 8) to base 15.
5065
781 (base 11) to base 15
426
Convert 11112312 (base 4) to base 11.
15538
-10002 (base 3) to base 14
-5d
What is -6624 (base 9) in base 14?
-1aca
-12603 (base 12) to base 3
-1021101010
Convert -10012102 (base 3) to base 10.
-2333
-120123 (base 4) to base 10
-1563
10321113 (base 4) to base 8
47127
579 (base 10) to base 13
357
-24215 (base 9) to base 4
-3331112
What is -7806 (base 10) in base 7?
-31521
-5741 (base 10) to base 6
-42325
-16c4 (base 13) to base 12
-1b4b
What is 11133 (base 9) in base 4?
1303221
Convert 583 (base 13) to base 5.
12302
cab (base 16) to base 7
12312
What is 33013 (base 5) in base 9?
3078
What is 33225 (base 7) in base 12?
49b9
420 (base 8) to base 12
1a8
Convert 541 (base 11) to base 14.
346
Convert 2230 (base 10) to base 15.
9da
What is 343 (base 16) in base 11?
69a
Convert -780 (base 15) to base 7.
-4641
-8ab2 (base 14) to base 8
-57004
What is -33004 (base 9) in base 2?
-101010101110010
Convert -23d7 (base 16) to base 4.
-2033113
1210 (base 3) to base 13
39
What is -1211222 (base 3) in base 5?
-20344
What is -357e (base 16) in base 5?
-414234
3344 (base 6) to base 16
310
56653 (base 7) to base 14
5363
-37333 (base 9) to base 8
-60743
-36e (base 16) to base 10
-878
Convert 1056 (base 10) to base 4.
100200
What is -111111010100 (base 2) in base 7?
-14546
Convert -279 (base 13) to base 3.
-121020
-2023333 (base 4) to base 2
-10001011111111
Convert -ba04 (base 13) to base 7.
-135253
22 (base 10) to base 15
17
1a51 (base 13) to base 16
f71
-322 (base 12) to base 14
-24a
-42b5 (base 13) to base 12
-544a
-ab4 (base 15) to base 9
-3277
Convert -11101101111 (base 2) to base 14.
-99d
Convert 3321130 (base 4) to base 10.
15964
Convert 3801 (base 9) to base 14.
1068
Convert 77 (base 11) to base 15.
59
What is -13100 (base 7) in base 5?
-102404
1536 (base 8) to base 15
3c7
Convert dc9 (base 14) to base 15.
c1a
-22210232 (base 4) to base 10
-43310
-9cc7 (base 15) to base 7
-165655
112312 (base 4) to base 7
4156
1886 (base 11) to base 2
100101011001
1a05 (base 14) to base 8
